 14, what is -c3216 + 15?
-c3201
In base 8, what is -107111 - 15?
-107126
In base 6, what is 152055 + -35?
152020
In base 3, what is 1020 - 20112?
-12022
In base 13, what is 76 - -139?
1b2
In base 6, what is 1 + -3041333?
-3041332
In base 11, what is -34691 - 2?
-34693
In base 15, what is -13 - 6b99?
-6bac
In base 7, what is -130 - 205533?
-205663
In base 5, what is -10 + -10300401?
-10300411
In base 7, what is -1201353 + 3?
-1201350
In base 2, what is 101 + -111111011111001?
-111111011110100
In base 6, what is 33054 + 52?
33150
In base 7, what is -14545 - -10?
-14535
In base 7, what is -115202 - 10?
-115212
In base 3, what is -1 - -12201102221?
12201102220
In base 7, what is -3 - -22336?
22333
In base 14, what is 2d - 157?
-128
In base 9, what is -3 + -478621?
-478624
In base 8, what is -3377 - -22?
-3355
In base 3, what is 12 + -20100212112?
-20100212100
In base 3, what is -10000100212101 - 12?
-10000100212120
In base 5, what is 44012041 - -2?
44012043
In base 15, what is -5d701 - -4?
-5d6ec
In base 9, what is 105465 - 1?
105464
In base 13, what is -94 + 19951?
1988a
In base 8, what is 14264 + 434?
14720
In base 6, what is -130421 + 1422?
-124555
In base 5, what is 41 + 1000412?
1001003
In base 4, what is 121002 + 32030?
213032
In base 3, what is 20211111222 - -1?
20211112000
In base 12, what is -7 - -2881?
2876
In base 14, what is 4 + -bb3c2?
-bb3bc
In base 10, what is 3 - 51908?
-51905
In base 14, what is -7 - 535?
-53c
In base 4, what is 22121020 - 30?
22120330
In base 16, what is 2ff8 + 18?
3010
In base 9, what is 1764 + -6?
1757
In base 11, what is -182084 + 4?
-182080
In base 7, what is -30130 + -4?
-30134
In base 14, what is 2 + 104c3c?
104c40
In base 10, what is 5 - 27453?
-27448
In base 6, what is -2 - -5341134?
5341132
In base 5, what is -114 + -104?
-223
In base 11, what is -6 + 457a?
4574
In base 3, what is 120000 + -1100210?
-210210
In base 14, what is 261023 + -5?
26101c
In base 14, what is 2706a - -5?
27071
In base 12, what is 177b5 - -13?
17808
In base 14, what is -2d6 - 27?
-31d
In base 3, what is 100 - -12212021122?
12212021222
In base 6, what is -324 + -25134?
-25502
In base 6, what is 0 - -2534504?
2534504
In base 5, what is -2 - -10220312?
10220310
In base 6, what is -534545 - 204?
-535153
In base 3, what is 2021 + 122110?
201201
In base 11, what is -1a0130 + -2?
-1a0132
In base 12, what is -4 - -a1b6?
a1b2
In base 9, what is -101 - -1738?
1637
In base 11, what is 0 - -5560?
5560
In base 14, what is 73 - 1a6?
-133
In base 3, what is 10201220 - -10110?
10212100
In base 15, what is 9 - -416?
420
In base 15, what is -cbb + -1a?
-cd6
In base 12, what is 157a - -6?
1584
In base 13, what is -a2b - -269?
-792
In base 14, what is 2d - -15767?
15796
In base 4, what is 1130220132 + 10?
1130220202
In base 9, what is -445 + 5?
-440
In base 15, what is -a - 10e57?
-10e62
In base 11, what is 28 + 849?
876
In base 4, what is -2120 + 230?
-1230
In base 11, what is 1316 + -2?
1314
In base 6, what is 454 - -41414?
42312
In base 16, what is 0 - 24f8?
-24f8
In base 8, what is 3 + -3250650?
-3250645
In base 14, what is 27b14 - -2?
27b16
In base 7, what is 2 + -44514?
-44512
In base 12, what is 27 - 4072?
-4047
In base 16, what is -1c82 + 7?
-1c7b
In base 3, what is 102110210102 - -20?
102110210122
In base 5, what is 12401 - -301?
13202
In base 4, what is -112 - 103300211?
-103300323
In base 7, what is -2152216 + 5?
-2152211
In base 3, what is 121021121 - -2012?
121100210
In base 2, what is -101 + 11001000001100?
11001000000111
In base 13, what is 13 + 3524?
3537
In base 16, what is 68a4 - -26?
68ca
In base 13, what is -27 + 2487?
2460
In base 16, what is 59d - 81?
51c
In base 5, what is 2 + 132030423?
132030430
In base 5, what is -20413 - -144?
-20214
In base 7, what is -4611 - 32?
-4643
In base 15, what is 121e1 - 3?
121dd
In base 4, what is -311033 - -131?
-310302
In base 15, what is -2 - ce61?
-ce63
In base 3, what is 211121020 - 22?
211120221
In base 2, what is 110110010101011110 - -10?
110110010101100000
In base 9, what is 828060 - 2?
828057
In base 10, what is 7 + -43705?
-43698
In base 16, what is d6ba + -17?
d6a3
In base 7, what is 1111 - 116?
662
In base 11, what is -903 - 20?
-923
In base 10, what is -78112 - -5?
-78107
In base 13, what is -8 - b2?
-ba
In base 15, what is -2d1529 - -1?
-2d1528
In base 5, what is -22 - 134300?
-134322
In base 13, what is 16 - 16228?
-16212
In base 16, what is -37b + 39e?
23
In base 2, what is -11010 - -1011000001011?
1010111110001
In base 14, what is 8 - -b79?
b83
In base 6, what is -4 + 155115?
155111
In base 10, what is 2184 + 593?
2777
In base 9, what is 3881 + -38?
3842
In base 5, what is -1100 + -33?
-1133
In base 11, what is -10a - 10a7a?
-11089
In base 14, what is 0 + -61688?
-61688
In base 14, what is 7 - -ca?
d3
In base 14, what is -3c - 310?
-34c
In base 11, what is 9598 + 6?
95a3
In base 14, what is 0 - 13bd5?
-13bd5
In base 2, what is -11110 - 111010100010?
-111011000000
In base 16, what is -b + 3cd09?
3ccfe
In base 7, what is -43606 + -23?
-43632
In base 15, what is 5 + -9da?
-9d5
In base 14, what is -4 - 107b6?
-107ba
In base 7, what is 5 + -310606?
-310601
In base 15, what is 4 + 4286?
428a
In base 7, what is -3 - -22410?
22404
In base 10, what is 12 - -3501?
3513
In base 13, what is -41084 - -14?
-41070
In base 14, what is -14 - 1a07?
-1a1b
In base 2, what is -11010010101110110101 - -11?
-11010010101110110010
In base 3, what is 1121 + 11220020?
11221211
In base 8, what is 1636 - 34?
1602
In base 3, what is 102 + 2121112?
2121221
In base 10, what is -2519 - 191?
-2710
In base 3, what is 2222 - 1020011?
-1010012
In base 6, what is -21222 + 3?
-21215
In base 6, what is 215500 + -45?
215411
In base 8, what is 15613 + -3?
15610
In base 8, what is -3 - -2504404?
2504401
In base 5, what is 20332 - -110?
20442
In base 10, what is 1 + -592570?
-592569
In base 4, what is 33 + -331133?
-331100
In base 15, what is -c80a - 3?
-c80d
In base 9, what is -103 + 1465?
1362
In base 11, what is 14167 - 5?
14162
In base 12, what is -619 + -14?
-631
In base 2, what is 1001101 + 1000110?
10010011
In base 15, what is -a + 7673?
7668
In base 8, what is 5 - 151664?
-151657
In base 6, what is 1 - -125554?
125555
In base 4, what is -121 - -20301?
20120
In base 3, what is 12 - 12022222121?
-12022222102
In base 12, what is -a0bb - 106?
-a205
In base 9, what is 10012 - 205?
8706
In base 14, what is -1 + -1381?
-1382
In base 11, what is -a - 1490?
-149a
In base 7, what is 4 + -5612505?
-5612501
In base 13, what is 838 + b9?
924
In base 7, what is -12 + -1012?
-1024
In base 13, what is -17c80 + 1?
-17c7c
In base 2, what is 11010111 - -1110001?
101001000
In base 15, what is -5 - 47e5?
-47ea
In base 13, what is -60549 - 3?
-6054c
In base 9, what is 74 - 15127?
-15043
In base 14, what is 1315 - 3?
1312
In base 13, what is 204 + 882?
a86
In base 2, what is 110101011 - -11110110?
1010100001
In base 6, what is -21533 + 3003?
-14530
In base 16, what is -5d + -18af?
-190c
In base 9, what is -13132486 - 2?
-13132488
In base 13, what is -6 + -4cb?
-504
In base 8, what is -4015631 + 0?
-4015631
In base 15, what is -5 + -15e8?
-15ed
In base 12, what is 7 + 342bb?
34306
In base 8, what is 4 + -151775?
-151771
In base 10, what is 199 - -385?
584
In base 2, what is -1100 + -11110100100000001?
-11110100100001101
In base 6, what is -131401 - -4?
-131353
In base 12, what is -32a15 + 2?
-32a13
In base 2, what is -110111 + 1011001101010?
1011000110011
In base 5, what is 40144 - -304?
41003
In base 3, what is -100101 + -1020100?
-1120201
In base 10, what is -4434 - 55?
-4489
In base 9, what is -5 - 36306?
-36312
In base 6, what is 5 + -102241?
-102232
In base 8, what is 5100 - -135?
5235
In base 7, what is 60 + -10102?
-10012
In base 4, what is 33233 + -112?
33121
In base 7, what is -110203 - 11?
-110214
In base 4, what is 21 - 32321023?
-32321002
In base 6, what is -3 + 4242544?
4242541
In base 16, what is 12 - c949?
-c937
In base 2, what is 1 + -111011111110?
-111011111101
In base 14, what is -6ba - -480?
-23a
In base 12, what is 65 + -800?
-757
In base 16, what is 2 + -1c539?
-1c537
In base 14, what is -1c - -245?
227
In base 10, what is 7 + -99517?
-99510
In base 13, what is -a - -48a?
480
In base 4, what is 130112023 + 1?
1301